 + 44. Let b(v) = -6*n(v) - 17*s(v). Let r be ((-4)/(-3))/(5/(2 + 28)). Determine b(r).
-1
Let x(v) = 6*v - 12. Let z be x(8). Let g be (-2 - -9)*z/42. Let w be (-4)/(-6) + (-28)/g. Let r(u) = -u**3 - 3*u**2 + 4*u + 4. Give r(w).
4
Let l(x) = -15*x + 53. Let g(t) = 27*t - 105. Let s(j) = -4*g(j) - 7*l(j). Determine s(16).
1
Let u(x) = -10759*x - x**2 + 8 - 10755*x + 21521*x. What is u(8)?
0
Let g(i) = -5*i + 1. Let x(b) = -8*b + 159. Let v be x(20). Determine g(v).
6
Let q(d) = -d + 1. Let o(n) = 3*n + 7. Let w(c) = o(c) + 6*q(c). Let z be w(6). Let h(g) = -g + 7. What is h(z)?
12
Let k = 53 + -57. Let c(g) = -g - 1. Let p(d) = d**2 - 14*d + 3. Let t(b) = -4*c(b) + p(b). Let a(o) = o. Let h(q) = k*a(q) - t(q). Give h(5).
-2
Let m(o) be the first derivative of o**4/12 + 7*o**3/6 - 2*o**2 + 38*o + 8. Let j(t) be the first derivative of m(t). Let d = -17 + 10. What is j(d)?
-4
Let s(m) = -m**2 - 7*m + 22. Let g be s(3). Let q(x) = -x - 15. What is q(g)?
-7
Let u be ((-39)/6)/1*-2. Let t(o) = o**3 - 3 + o**2 + 6*o**2 - 18*o - 3*o**2 + u*o. What is t(-5)?
-3
Let l(v) = v + 2. Let d = 135 + -315. Let k = d - -128. Let j be 2/9 - k/9. Calculate l(j).
8
Let r(w) = -4*w**2 - 2*w + 1. Suppose p + t = -0*t, 4*t + 10 = p. Suppose 2 = -h - 3*m, -p*m = h - 3 + 5. Calculate r(h).
-11
Let r = 3 + -1. Let v(w) = -85*w - 2*w**2 - r + 3*w**2 + 3 + 91*w. Let y = 4 + -8. Calculate v(y).
-7
Let d(m) = -m**2 + m. Let w(u) = 6*u**2 - 7*u + 14. Let l(t) = 5*d(t) + w(t). Let c(f) be the first derivative of l(f). Give c(2).
2
Suppose -5*a - 5 = 0, -36*a + 2 = -z - 37*a. Let y(r) = 8*r + 1 - 3*r + 7*r. Calculate y(z).
-11
Let q(k) = 2*k - 13 + 9 - 4*k - 8. Let s(i) = -5*i - 35. Let n(l) = -8*q(l) + 3*s(l). What is n(4)?
-5
Let w(a) = -2*a + 13. Let o(x) = x - 7. Let z(f) = -11*o(f) - 6*w(f). Let j(t) = -t**3 + 9*t**2 - 9*t + 5. Let h be j(8). Give z(h).
-4
Let w be (-4 + 0)/((-3)/(-9)*3). Let h(d) = -6*d + d - 6 + 0*d + 1. Give h(w).
15
Let q be (-10)/(-2 - (3 + -7)). Let m(v) be the third derivative of 0 + 1/2*v**3 + 0*v + 2*v**2 + 1/12*v**4. Calculate m(q).
-7
Suppose -2*o + 7 = o - 2*f, o - 3*f = 0. Let y(v) = 3*v + 3. Let q(j) = -9*j - 8. Let a = -4 - 7. Let c(w) = a*y(w) - 4*q(w). Determine c(o).
8
Let x(g) be the second derivative of 3*g**5/20 - g**4/3 + g**3/2 - g**2/2 - 53*g + 2. What is x(2)?
13
Let b(p) be the third derivative of -p**5/30 - 7*p**4/12 + 4*p**3 - 274*p**2. Determine b(-8).
8
Let m(n) be the third derivative of 0*n**3 + 14*n**2 - 1/12*n**4 + 0*n + 0. Suppose x = -5*r - 10, 3*r + 3*x + 2*x - 16 = 0. Determine m(r).
6
Suppose 28 = 55*w - 27. Let z(x) = -11*x + 1. Determine z(w).
-10
Let c(m) = 4*m - 7*m + m + 18. Let b be c(10). Let l(o) = -3*o**2 - 3*o - 2. Give l(b).
-8
Let k(d) = d**3 - 12*d**2 + 2*d - 22. Let u(x) = x**2 - 2*x + 9. Let z be u(3). What is k(z)?
2
Let f(c) = 2*c**2 - 11*c - 2. Let d(v) = -5*v**2 + 34*v + 6. Let o(b) = 3*d(b) + 8*f(b). Determine o(-13).
-11
Suppose 19*x + 3 = 20*x. Suppose -x*o - u + 69 = 16, o - u - 23 = 0. Let t = 13 - o. Let f(j) = j**3 + 5*j**2 - 8*j - 7. Give f(t).
5
Suppose -6*y = -0 + 6. Let r(q) = -4*q + 4. Let h be r(y). Let t(f) = -f**3 + 9*f**2 - 6*f - 11. What is t(h)?
5
Let u(t) = t - 7. Let h be ((-11)/11)/((-2)/30). Suppose -h = -5*c, 0 = 2*y - 4*c + c - 15. Let a = -5 + y. What is u(a)?
0
Let r(l) = l**3 + l. Let z(f) = 6*f**3 - 5*f**2 + 12*f - 6. Let j(p) = -5*r(p) + z(p). Determine j(4).
6
Suppose -2*c = 2*u - 5 - 1, u + 4*c = 3. Suppose -5 - 5 = -5*x. Let d(i) = -38*i**2 + 81*i**2 - 4*i - 1 - 40*i**x. Calculate d(u).
14
Let d(x) = x**2 - 22*x + 7. Let o be (-68)/(-34) - -20*1. Calculate d(o).
7
Let i(y) = 4*y**2 - 2*y - 3. Let t(m) = 5*m**2 - 2*m - 4. Let d(w) = 6*i(w) - 5*t(w). Let r = 42 + -46. Calculate d(r).
-6
Let r(u) = -2*u + 2 - 10 + 11*u - u**2 - 1. Suppose -26*l + 53 + 103 = 0. Determine r(l).
9
Suppose -20*j + 40 = -12*j. Let w(y) = 5*y + 5 + 0*y - 4*y. Give w(j).
10
Suppose 0 = -3*b + 4*f + 36, 3*b - 3*f - 33 = -0*f. Let r(p) = p + 7*p**2 + b - 6*p**2 - 5*p. What is r(6)?
20
Suppose 0 = -5*y - 25, -8*f = -4*f - 2*y - 18. Suppose 6*l - 14 = 2*l + 2*m, -10 = -f*m. Let i(c) = -4 + l + 6*c + 4 - 3*c. What is i(-5)?
-9
Let i(d) = 4*d - 3. Let r(y) = 9*y - 5. Let u(j) = -5*i(j) + 2*r(j). Let h be 20/6 + 15/(-45). Let t be 6/(9/h) + 4*1. Calculate u(t).
-7
Let o(d) = d**2 + 2*d. Let v(x) = -2*x**3 - 44*x**2 + x + 25. Let l be v(-22). Calculate o(l).
15
Suppose s + 0 = -2. Let j = -6 - -15. Let f(r) = j - 2*r**2 - 3*r + 2 - 14. Determine f(s).
-5
Let p(l) = -3*l - 4. Let q = 20 + -17. Suppose 0 = -a - 1 - q. Determine p(a).
8
Let o(j) be the second derivative of j**4/12 - 4*j**3/3 - j**2/2 - 5*j. Let i(h) = -5*h - 42. Let x be i(-10). What is o(x)?
-1
Let v(f) = -20*f**3 + 21*f**2 - 33*f + 19. Let y(b) = -11*b**3 + 11*b**2 - 18*b + 10. Let p(g) = 6*v(g) - 11*y(g). Calculate p(-5).
4
Let i be ((-2)/(-2) - 0)*3. Let o(n) = -n**3 - n**2 + 2*n + 2. Calculate o(i).
-28
Let s(j) = -j + 4. Let y = -10 + 4. Let c be 4 + (-1)/(3/9) + 8. Let f = c + y. What is s(f)?
1
Suppose -5*x = j - 6*x + 4, -2*j + 4*x = 2. Let p(l) = 2*l**3 + 13*l**2 - 9*l - 14. Let n be p(j). Let d(z) = z**3 + z**2 + 14. Determine d(n).
14
Let w be 7/21*(-138)/2. Let f be (0 - 2) + 27 + w. Let k(s) = -2*s**2 + 3*s. Determine k(f).
-2
Let w(x) = -14*x. Let r = 26 - 8. Let k = r - 19. Give w(k).
14
Suppose b = -t - 3*t + 12, 3*t - 5*b = 32. Let w be (t/6)/(6/36). Let n(u) = -2*u - 4 + w - u + 2. What is n(2)?
-4
Let b(q) = q**3 - 5*q**2 - 8*q + 6. Let x = 9 + -18. Let f(v) be the first derivative of v**4/4 + 3*v**3 - v**2/2 - 3*v - 3. Let n be f(x). What is b(n)?
-6
Let o(z) be the first derivative of z**2/2 - 9*z - 25. Calculate o(7).
-2
Let g = -2 - 0. Let i(y) = -3*y + 2. Let z(x) = -18*x + 4. Let v(p) = 3*i(p) - z(p). Give v(g).
-16
Let v(u) = -u**2 + u - 29. Suppose 2*c + 62*o - 57*o = -20, o + 4 = -4*c. What is v(c)?
-29
Let d(v) = v**2 - v + 1. Let f(q) = 3*q**2 + 3*q - 1. Let n(u) = 2*d(u) - f(u). Let i = -11 + 6. Determine n(i).
3
Let i(w) = 6*w - 5 + 5*w - w**2 + w - 5*w - 4. Give i(6).
-3
Let d(a) = 12*a - 1. Let w = -36 - -37. Let v = w - 2. What is d(v)?
-13
Let n(d) = d**2 - d + 26. Let x be (-5 - (-3 - 1))*(4 - 4). Determine n(x).
26
Suppose 5*a - 54 = 3*y, -5*y + 4 = 19. Let i(b) = -b**3 + 7*b**2 + 13*b + 4. Give i(a).
-41
Let o(l) be the second derivative of l**6/360 + 3*l**5/40 - 5*l**4/12 - l**3 + 18*l. Let i(z) be the second derivative of o(z). Calculate i(-10).
0
Let v(j) = -3*j + 4. Suppose 2*p = 4*i + 2, 8 = -i - 7*p + 9*p. Calculate v(i).
-2
Let i(j) = 3*j - 7. Let f(n) = -2*n - 43. Let s be f(-24). Let w(m) be the second derivative of 7*m**3/6 - 7*m**2 - 2*m. Let z(k) = s*i(k) - 2*w(k). Give z(4).
-3
Let s be 12/21 + 17/7. Suppose -20 = -s*n - 7*n. Let h(f) be the second derivative of -f**5/20 + f**4/6 - f**3/2 + 3*f**2/2 + f. Calculate h(n).
-3
Let d be (0 + (-6)/10)*15. Let r(f) = -f**2 + f - 7. Let p(c) = -2*c**2 + c - 15. Let k(j) = d*r(j) + 4*p(j). Give k(5).
3
Let y be 1/(-1) - 2/1. Let i be (2/3)/(2/y). Let r(g) = -11*g**3 + g. Give r(i).
10
Let b(f) = -6*f**2 + 2. Let y = -13 + 15. Determine b(y).
-22
Let q(g) = -g - 8. Let z(s) = -s**3 + 6*s**2 + 6*s + 1. Let b be z(7). Let d be q(b). Let j(x) = -6*x - 2. What is j(d)?
10
Let r(n) be the third derivative of n**5/60 - n**4/3 + n**3/3 - 4*n**2. Let y be r(7). Let u be 20/(-12)*(y + 2). Let o(j) = j**2 - 6*j + 1. Determine o(u).
-4
Suppose 0 = -6*d + d + 5. Let v be (1 - d) + 0 + -1. Let y(x) be the second derivative of 5*x**3/3 + x**2/2 - 33*x. What is y(v)?
-9
Let h(y) = -y**2 + 6*y - 12. Let k = 190 - 187. Calculate h(k).
-3
Let s(c) = 17 + 20 - 33 - c. Let i(r) = -r + 4. Let l(v) = -4*i(v) + 3*s(v). What is l(6)?
2
Suppose -15 = -5*n, 0 = k + 4*n + n - 12. Let t be k - -1 - (-5 + 11). Let d(w) = -w**2 - 8*w - 6. What is d(t)?
-6
Let l(s) be the third derivative of -s**4/24 - 5*s**3/6 + s**2. Let m be l(-8). Let w(t) = -t**2 + 3*t + 4. Determine w(m).
4
Let s(g) = 6*g**3 - g**2 + g. Let w = 6 + -15. Let c = w - -9. Suppose c = 5*y - 0 - 5. Give s(y).
6
Let l(o) = o - 3. Let d = 29 + -28. Let m be d*-4 + 1 + 0/(-2). What is l(m)?
-6
Let p(i) = -i**3 + 4*i**2 + 3*i**2 + 4 + 0*i - 8*i. Suppose 4*d + 3*q = 15, 33 = 5*d - q - 0*q. Calculate p(d).
-